2*y + 0*u - o*u = 107. Suppose 6*l - y = 62. List the prime factors of l.
2, 5
Let p(t) = -8*t + 71. What are the prime factors of p(-15)?
191
Suppose -5*i - a = -2335, 0*i + 1429 = 3*i - 5*a. What are the prime factors of i?
2, 3, 13
Suppose -47 = -7*v + 51. Suppose 7*q + 490 = v*q. What are the prime factors of q?
2, 5, 7
Let s(d) = 9*d**2 + 3*d + 1. Let g = 19 + -12. Suppose 4 = -g*t + 3*t. List the prime factors of s(t).
7
Let b be (117/6)/(21/140). Suppose w + 5*m = 4*m + 26, -5*w - 2*m = -b. What are the prime factors of w?
2, 13
Let n be (-4)/14*(-137 - -46). Suppose 5*g - 9 = 6. Suppose -4*y - 85 = -g*l, 2*l - 3*l - y + n = 0. What are the prime factors of l?
3
Suppose -4*z - 2*z + 36 = 0. Let s(a) = -a**3 + 6*a**2 + 7*a - 9. What are the prime factors of s(z)?
3, 11
Let x = -53 - -55. Suppose -4*u + 3*y = -378, y = -4*u - x*y + 366. List the prime factors of u.
3, 31
Suppose -4*q + 3*w = -6 - 11, -2*q + 2*w = -6. Let y be (-11)/(-44) - (-110)/q. Suppose 2*k = 30 + y. List the prime factors of k.
2, 11
Let p = -2192 + 5788. List the prime factors of p.
2, 29, 31
Suppose 0*u = -2*d - 5*u + 1233, d + 3*u = 618. What are the prime factors of d?
3, 7, 29
Suppose -5*n = -12*n - 7. List the prime factors of (n/(-3))/((-2)/(-156)).
2, 13
Let a be (17 - 29)*6/(-4). Suppose -2*x = -4*s - 3*x + a, -4*s - 5*x = -26. Suppose 22 = v - s. What are the prime factors of v?
2, 13
Let b be 73 - -2 - (7 - 6). Let u = b + -36. List the prime factors of u.
2, 19
Suppose -2*d + 3*g = -19, 5*d - 24 = -3*g + 34. Suppose d*t = 10*t + 16. Suppose t*a = 11*a + 310. List the prime factors of a.
2, 31
Suppose -3*n - 10*w = -5*w - 5374, -w + 5 = 0. List the prime factors of n.
1783
Let j be 1 - (0/(-5) - 127). Let k = j - 38. What are the prime factors of k?
2, 3, 5
Suppose 974 + 1156 = 5*i. Suppose i = 4*s + 78. What are the prime factors of s?
3, 29
Let b(x) = x - 2. Let f be b(4). Suppose f*j = 3*j. Suppose j = -3*c + 20 + 94. List the prime factors of c.
2, 19
Let w = 480 - 158. What are the prime factors of w?
2, 7, 23
Suppose -3*f - 3*n = 4 + 11, 2 = 2*n. Let c(x) = -x**3 - 7*x**2 - 6*x + 12. List the prime factors of c(f).
2, 3
Let i(h) = -169*h + 52. List the prime factors of i(-2).
2, 3, 5, 13
Suppose 0 = 5*l - 3*x - 9352, 7*l - 2*l = -5*x + 9360. What are the prime factors of l?
1871
Suppose -5*z - 36 = -0*t - t, 2*t - 3*z = 72. Suppose 2*r = r + t. List the prime factors of r.
2, 3
Suppose -h - g = -21, -g = -h + 11 + 12. Suppose -h*z + 14*z = -1072. What are the prime factors of z?
2, 67
Let f(x) = -x**3 - 7*x**2 - 7*x - 13. Let d be f(-6). Let g(i) = 5*i - 16. Let t(c) = 15*c - 47. Let v(s) = 17*g(s) - 6*t(s). List the prime factors of v(d).
3, 5
Let j be ((-35)/(-4))/(1/4). Let m(c) = -c**3 - 2*c**2 + 7*c + 14. Let d be m(-3). Suppose d*q - 13 = j. What are the prime factors of q?
2, 3
Let z = -16 + 34. What are the prime factors of (z + -36)*(-2)/3?
2, 3
Suppose 5*h + 2*s - 3787 = 0, -h - 5*s + 760 = -2*s. List the prime factors of h.
757
Let r(f) = -3*f - 4*f - 5*f + 3 + 9*f. What are the prime factors of r(-13)?
2, 3, 7
Let t(m) = 18*m**3 + m**2 - m. Let h be (-6)/(-4)*(-16)/(-12). Suppose o - f = -o - 1, h*f - 4 = 2*o. What are the prime factors of t(o)?
2, 3
Let r(s) = -2*s - 25*s + 0*s. Let b be r(1). What are the prime factors of (-92)/6*b/18?
23
Suppose 68 = 5*j - 3*j. Suppose -3*i = 2*x - 161 - j, 5*x = -2*i + 493. List the prime factors of x.
3, 11
Let b(t) = t**3 - 3*t**2 - 3*t. Let j be b(4). What are the prime factors of j - 1 - (-91 + 7)?
3, 29
Suppose 4*l - 15 = -l. Suppose -2*i + 0*p = p - 17, 0 = l*p - 3. What are the prime factors of i?
2
Suppose -4*q + 268 = -4*g, -4*q - 2*g = -151 - 87. Let b = -20 + q. What are the prime factors of b?
2, 3, 7
Suppose 2*i + 3*i = 4*g - 533, -259 = -2*g - 5*i. Suppose -5*u - m = -360, m = u + 54 - g. What are the prime factors of u?
73
Let k = 11 - 21. Let x = 13 + k. Suppose 5*a - t - 302 = 0, 0 = -a - x*t - 0*t + 54. What are the prime factors of a?
2, 3, 5
Suppose 23*m - 108 = -683. Suppose 4*h - 5*z - 183 = 0, -h + 3*z + 33 = 6*z. Let x = m + h. What are the prime factors of x?
17
What are the prime factors of 2/(-5) + (-13394)/(-10)?
13, 103
Suppose 28*g - 39*g = -43494. List the prime factors of g.
2, 3, 659
Let s(l) = 131*l**2 + 9*l + 5. Let k(t) = -66*t**2 - 5*t - 3. Let b(y) = 5*k(y) + 3*s(y). List the prime factors of b(1).
5, 13
Let r(x) = 86*x**2 - 38*x + 164. What are the prime factors of r(8)?
2, 3, 149
Let w(a) = a**2 - 4*a + 14. Let x = -163 - -155. What are the prime factors of w(x)?
2, 5, 11
Suppose -3*u - t = -3797, -5*t = -13*u + 9*u + 5088. List the prime factors of u.
7, 181
Suppose -9*l + 31*l - 26972 = 0. List the prime factors of l.
2, 613
List the prime factors of 102*(-64)/18*-3.
2, 17
Suppose y - 760 = -w - 3*w, 0 = -3*y - 3*w + 2235. What are the prime factors of y?
2, 5, 37
Let y = -836 + 1954. What are the prime factors of y?
2, 13, 43
Suppose 5*w = 2*u - 1255, -3*u - 2*w + 901 = -934. List the prime factors of u.
3, 5, 41
Let u = -3468 + 5855. What are the prime factors of u?
7, 11, 31
Suppose 3*b + 2 = 11. Suppose g - 12 = -b*g, -2*w + 349 = 5*g. Suppose -3*m - 53 + w = 0. List the prime factors of m.
2, 19
Suppose -80 = b - 9*b. List the prime factors of 112 + ((-9)/6)/(5/b).
109
Let w = 2059 - 351. What are the prime factors of w?
2, 7, 61
List the prime factors of (3 - 2)/((-4)/4184*-2).
523
Let j(n) = -2*n + 18. Let r = -25 - -33. Let d be j(r). Suppose -d*p + 30 = 4*h - 0*h, 2*p - 5 = h. What are the prime factors of h?
5
Let o(t) = t**2 - 8*t + 16. Let r be o(6). List the prime factors of ((-166)/r)/(4/(-8)).
83
Let v be 36 - 0 - (6/2 + -2). Let u = 49 - v. What are the prime factors of u?
2, 7
Let v = -58 - -62. Let a(j) be the second derivative of -j**5/20 + 5*j**4/12 - j**3/3 - 5*j**2/2 + j. List the prime factors of a(v).
3
Suppose -498 = -2*g + 44. Let q = g + -179. What are the prime factors of q?
2, 23
Suppose -f = -4*o - 2 - 1, 4*o + 2 = 2*f. What are the prime factors of -6 - -9 - 3/(f*3)?
2
List the prime factors of (-1201)/(-7) - 168/294.
3, 19
Let y(l) = l**2 + 104*l - 12. List the prime factors of y(11).
7, 179
Suppose -12*n = -4*n - 24. Suppose -6*y + 75 = -n*y. List the prime factors of y.
5
List the prime factors of ((-6)/10)/((-84)/1330)*118.
19, 59
Suppose 5*n = 58 + 12. Let y be n*(-1)/(-2) - -3. Suppose 13*j = y*j + 27. List the prime factors of j.
3
List the prime factors of ((-4584)/(-3) - -6) + 5.
3, 19
Let v(n) = -n**2 + 17*n - 10. Let j be v(16). What are the prime factors of 3/j + 1445/10 + 0?
5, 29
Let r(l) = 66*l + 15. What are the prime factors of r(6)?
3, 137
Suppose w = 5, 7*g - 33 = 6*g - 4*w. List the prime factors of g.
13
Let d(q) be the third derivative of q**6/120 - q**5/30 + q**4/24 + q**3 + 4*q**2. List the prime factors of d(4).
2, 3, 7
Suppose -j - 4*j = 0. Suppose -l + 1 = -j. What are the prime factors of 15 + -2 + (0 - l)?
2, 3
Let m(r) = r**3 - 5*r**2 + r - 4. Let b be m(5). Let v(u) = 41*u - 1. Let d be v(b). Suppose -d = -5*s + 4*s. What are the prime factors of s?
2, 5
Suppose -150 = -26*j + 58. List the prime factors of j.
2
Suppose 3*n - 24 = 3*q, 3*q = -3*n + 2*q + 8. Let u be 39/n*4/1. Let a = 68 - u. What are the prime factors of a?
29
Let d = 1 - -1. Let a be (-695)/(-4) - (-2)/8. Suppose -5*f + 5 = 0, -3*l = d*l + 4*f - a. List the prime factors of l.
2, 17
Let a(c) be the third derivative of -3/8*c**4 - 1/2*c**3 - 1/60*c**5 + 0 - 6*c**2 + 0*c. What are the prime factors of a(-8)?
5
Let i(q) = -16*q - 17. List the prime factors of i(-13).
191
Suppose -5*d + 324 + 101 = 0. Let r = 26 + d. What are the prime factors of r?
3, 37
Let s(r) be the first derivative of -5*r**4/24 - r**3/3 - r**2/2 + 9. Let z(l) be the second derivative of s(l). What are the prime factors of z(-2)?
2
Let p = 25 - 25. Suppose -3*c + 110 - 2 = p. What are the prime factors of c?
2, 3
Let v(p) = p**2 - 4*p - 4. Let b be v(6). Suppose -5*f = -4*x + 5 - 11, -2*f + b = 4*x. Suppose 4*i - x = 11. What are the prime factors of i?
3
Suppose -347*v - 5220 = -353*v. What are the prime factors of v?
2, 3, 5, 29
Let b = 222 - -478. What are the prime factors of b?
2, 5, 7
Let z(x) be the second derivative of -1/3*x**3 + 1/2*x**2 + 0 + 2*x +